 -23. Suppose -2*z = 3*l - 81, -c*l - z = -2*l - 55. What is the highest common divisor of 87 and l?
29
Let v be (-772)/(-11) + (-54)/297. Let o be (66/5)/((-343)/v - -5). Calculate the highest common factor of 72 and o.
12
Let b(l) = 120*l - 471. Let t be b(4). Calculate the greatest common divisor of 1083 and t.
3
Suppose -24*m - 3*m = -79326. Suppose -15*x = m - 14098. Calculate the greatest common divisor of x and 8.
8
Suppose 4*z - 6*z + 10 = 0. Suppose -z*c + 0 + 5 = 2*u, 4*u - 4 = -4*c. Suppose u = -2*i - 3*i + 320. What is the highest common factor of 8 and i?
8
Suppose 3*w = 17 + 28. Let j(p) = -p**2 - 25*p - 79. Let x be j(-11). Calculate the highest common divisor of x and w.
15
Let x = 6478 - 6422. What is the highest common factor of x and 856?
8
Let n = 276 - 92. Suppose 3*z = 5*i - 85, 47*i - 75 = 42*i + 4*z. Calculate the highest common divisor of i and n.
23
Let f = 6034 + -5352. Calculate the greatest common factor of 310 and f.
62
Let a = -75 + 167. Let l = 523 - 590. Let o = a + l. Calculate the greatest common divisor of 5 and o.
5
Let l(v) = 2009*v + 90898. Let q be l(-45). Suppose -2*o - 3*i + 110 = 2*o, -2*i = 5*o - 141. What is the greatest common divisor of o and q?
29
Suppose 11 = -9*q + 10*q. Let s be 121/q*(-1)/(-1). Suppose 0 = -12*o + s*o + 11. Calculate the highest common factor of 77 and o.
11
Suppose 2*b = -9 - 7. Let q(h) = h**2 + 9*h + 4. Let j be q(-9). Let o = j - b. What is the highest common factor of 108 and o?
12
Let f = 16472 + -15836. What is the greatest common factor of f and 852?
12
Let f(a) = -2*a**2 - 34*a - 51. Let c(i) = -11*i + 54. Let k be c(6). Let j be f(k). What is the highest common factor of j and 1104?
69
Let c(j) = j**3 - 9*j**2 - 23*j - 12. Let o be c(11). Let n = -15 - o. Suppose -n*w - 1 = -33. Calculate the greatest common divisor of 16 and w.
4
Let b = 5 + 3. Let f = b + -5. Suppose -144*d + 1431 = -2025. Calculate the highest common divisor of f and d.
3
Let s = 15 - 4. Let f be (-2 - s/1)/(-1). Let w be (-13)/(507/(-1547)) + 8/(-12). What is the highest common factor of w and f?
13
Let a = 362 + -357. Suppose 0 = q + 4*n - 54, -a*q = 2*n - 151 - 101. What is the greatest common factor of 100 and q?
50
Suppose 3*c + 5*m = -20 + 67, -5*m = -5. Let a be 480/14 + (-4)/c. Let h(r) = 8*r**2 + 25*r + 6. Let s be h(-4). What is the greatest common divisor of a and s?
34
Let g = 52 - 32. Suppose 0 = -6*s + s + g. Suppose 0 = -s*m - 0*m + 240. Calculate the greatest common divisor of m and 20.
20
Let g = -113 + 144. Let o be 48/(-18)*939/(-4). Suppose -3*u + u = -4*a + 492, -o = -5*a - 3*u. Calculate the greatest common factor of a and g.
31
Let s be (-4 + 2 + 4)*20/10. Let a(b) = 12*b - 45. Let c be a(s). Calculate the highest common divisor of 39 and c.
3
Let a(q) = q**2 - 3*q - 2. Let y be a(-1). Let o be y/(-8) - (-2030)/56. What is the greatest common factor of 54 and o?
18
Let g(s) = s**3 - 3*s**2 - 57*s + 31. Let x be g(9). Let h(c) = -c**3 - c. Let i be h(-1). Calculate the highest common factor of x and i.
2
Let w be (-1)/((-2)/((-50)/(-5))). Let i = w - -10. Suppose 2*p = 2*m - 63 + i, -m = p - 28. What is the highest common factor of 65 and m?
13
Let x be (-5 + 0)*3/(-15)*-10. Let y(n) = 3 + 9 + 1 + 3 - 2*n. Let z be y(x). What is the highest common divisor of 90 and z?
18
Let y be (8/10 + -1)/(58/(-2023910)). Calculate the highest common divisor of y and 7.
7
Suppose -34*m + 38*m - 6984 = 0. What is the greatest common factor of m and 18?
18
Let w(d) = d**3 - 2*d**2 - 15*d + 5. Let m = -28 + 35. Let n be w(m). Suppose 25 - n = -5*u. What is the highest common factor of u and 120?
24
Let r(w) = -w + 18. Let f be r(14). Suppose -f*g = g - 5. Let x be (g + 0)*(0 - -75). What is the highest common factor of 25 and x?
25
Let q be (6/(-2))/(-39) - 1748/(-247)*792. Calculate the greatest common factor of 38 and q.
19
Let u = 1799 + -1207. Suppose 0 = 2*g + 2*f - 144, -4*g - 2*f - 3*f + 286 = 0. Calculate the highest common factor of g and u.
74
Let g be 6/17 + (-366656)/(-9248). Let f be (14/35)/(2/50). Calculate the highest common divisor of g and f.
10
Let b(p) = 2*p**3 - 19*p**2 - 4*p + 9. Let h be b(10). Suppose 65 = 3*g + d, -3*d + h = -0*g + 3*g. What is the greatest common divisor of g and 231?
21
Let s(r) = r + 8 - 10*r + r**2 + 0*r**2. Let k be s(9). Let u = -2451 - -2491. What is the greatest common divisor of u and k?
8
Let a = 5241 + -5233. What is the greatest common factor of a and 472?
8
Let c be (-12)/(-15)*45/(-2). Let w be (40/(-6) + 0)/((-4)/c). Let v be ((-14)/35)/(2/w). Calculate the highest common factor of v and 24.
6
Let f(i) = -i**3 + 5*i**2 + 17*i. Let s be f(7). Suppose 8*o = -s*o + 1450. What is the highest common factor of 40 and o?
10
Suppose 835*q = 3*i + 836*q - 4611, 5*i + 4*q - 7699 = 0. What is the greatest common divisor of i and 45?
5
Let t = 717 + -501. Suppose 3*r = 7*z - 1 + 80, -4*z - 4 = 0. Calculate the highest common divisor of r and t.
24
Suppose 9*z - 319 = -22. Let x = z - 35. Let g be 119 - x*(-3)/(-6). Calculate the greatest common factor of 48 and g.
24
Let z(s) = -2*s - 7. Let y be z(-6). Suppose b - 617 = -5*c + 4*b, 0 = y*c - 5*b - 625. Let t be 11/((9/3)/3). What is the greatest common factor of t and c?
11
Suppose 0 = 4*r + 22*m - 24*m - 760, 0 = 3*r - 3*m - 576. What is the greatest common factor of 32 and r?
4
Let q(u) = -3*u**2 - 44*u + 25. Let n be q(-15). Let f be (-10136)/(-26) - (-10)/650*n. Calculate the greatest common divisor of f and 120.
30
Let s = 34 + -53. Let d(x) = -x - 20. Let u be d(s). Let i be (15*u)/(-2*2/4). Calculate the greatest common factor of i and 165.
15
Let z = -23 - -47. Suppose 0 = 2*w - 12 - z. Suppose q - 5*y - 75 = 0, 5*q + 3*y = 9 + 198. What is the greatest common factor of q and w?
9
Let f be 48/16 + (5 - -85)/5. What is the greatest common divisor of f and 522?
3
Suppose 2*f + 2*f = -5*g + 12, 0 = 2*f - 5*g - 6. Suppose -97 = f*s - 2*m, s - m - 4*m = -15. Let k = 56 + s. What is the greatest common factor of 84 and k?
21
Let j(r) = 41*r - 4 + 38*r - 89*r. Let i be j(-4). Let k = i + 1. What is the highest common factor of k and 296?
37
Let f be (-6526)/(-12) + (-2)/(-12). Suppose 0 = 5*n - 4*u - 192, 72 = 4*n + 3*u + 4*u. Calculate the highest common divisor of n and f.
32
Let q = 301 + -205. Let g = -84 + q. What is the highest common divisor of g and 156?
12
Let w(u) = u**3 + 10*u**2 - 234*u - 39. Let b be w(-21). What is the highest common factor of b and 408?
24
Let z = -8031 + 8787. What is the greatest common factor of z and 98?
14
Suppose -5*p - 22*h + 20*h - 1224 = 0, 4*p + 981 = -h. Let m = p - -270. What is the greatest common divisor of m and 648?
24
Suppose 77*s = 140*s - 75*s + 15912. What is the highest common divisor of 468 and s?
78
Let q be (-385 - -384)/((-2)/480). Calculate the greatest common divisor of q and 215.
5
Let k be 6 - (-15 + 18)/((-6)/1148). What is the greatest common divisor of k and 841?
29
Let l = -51 - -62. Let m = 2252 + -2241. What is the greatest common divisor of l and m?
11
Let f(c) be the second derivative of c**4/12 + c**3/2 - 7*c**2 - 6*c. Let l be f(11). Calculate the greatest common divisor of l and 40.
20
Suppose 0 = f + 3*g + 4, 0 = g + 2. Suppose 0 = -4*r + 5*r - f. Suppose -r*m - 4*m + 18 = 0. Calculate the greatest common divisor of m and 6.
3
Suppose -5*l - q + 326 = 0, 4*l + 68 = 5*q + 323. Let s = l - -163. What is the highest common divisor of 19 and s?
19
Suppose v - 12 = 5*v - 3*p, -4*v + 4*p - 16 = 0. Suppose -5*d + 201 + 239 = v. Let o = -56 + d. What is the highest common divisor of 24 and o?
8
Suppose -91 = 2*u - 2*p + 53, -4*p + 214 = -3*u. Let n be 3/(u/(-112) + 20/(-70)). What is the highest common factor of 40 and n?
8
Let x be ((-7)/(-5) + -2)*5. Let g be (x/(-2) + 854/(-196))*-7. What is the greatest common divisor of 340 and g?
20
Suppose -2*y = 3*w - 658 - 1146, -3*w + 1789 = -y. What is the greatest common factor of w and 2626?
26
Let c be 32/(-10)*5/(-2). Suppose 4 = 4*q - c. Suppose 0*b + 42 = 2*m + 2*b, q = -b. Calculate the greatest common divisor of m and 48.
24
Let i(l) = l**2 - 2*l + 41. Suppose -8*a - 15 = -3*a, -z + a - 9 = 0. Let n be i(z). What is the highest common divisor of n and 11?
11
Let k(x) be the 